st common factor of 20 and 12860?
20
What is the highest common divisor of 301 and 21?
7
Calculate the greatest common divisor of 318 and 1060.
106
What is the highest common factor of 7093 and 41?
41
Calculate the highest common divisor of 9 and 5679.
9
Calculate the highest common divisor of 8 and 136.
8
Calculate the highest common factor of 2216 and 11357.
277
What is the highest common factor of 7820 and 34?
34
What is the greatest common factor of 4544 and 142?
142
Calculate the greatest common factor of 126 and 1064.
14
Calculate the highest common divisor of 1955 and 34.
17
What is the greatest common divisor of 39 and 402?
3
Calculate the greatest common factor of 984 and 574.
82
Calculate the greatest common factor of 2546 and 152.
38
Calculate the highest common factor of 550 and 15.
5
Calculate the highest common divisor of 114 and 120.
6
What is the greatest common factor of 276 and 15042?
138
What is the highest common factor of 627 and 33?
33
Calculate the greatest common factor of 3321 and 41.
41
Calculate the highest common divisor of 48 and 2388.
12
Calculate the greatest common factor of 55 and 1111.
11
Calculate the highest common divisor of 539 and 133.
7
What is the highest common divisor of 136 and 92?
4
Calculate the greatest common divisor of 237 and 158.
79
What is the greatest common factor of 98 and 2842?
98
What is the highest common factor of 21 and 119?
7
Calculate the highest common divisor of 299 and 169.
13
What is the greatest common divisor of 22 and 12661?
11
Calculate the highest common factor of 1372 and 7.
7
What is the highest common divisor of 4 and 118?
2
Calculate the greatest common divisor of 150 and 6.
6
What is the highest common factor of 3938 and 352?
22
What is the highest common factor of 12 and 2592?
12
Calculate the greatest common divisor of 44 and 1188.
44
What is the highest common factor of 3069 and 3?
3
Calculate the greatest common divisor of 4979 and 26.
13
Calculate the highest common divisor of 700 and 300.
100
What is the highest common divisor of 15972 and 48?
12
Calculate the highest common factor of 24150 and 70.
70
What is the greatest common divisor of 11055 and 825?
165
Calculate the greatest common divisor of 17 and 391.
17
Calculate the greatest common divisor of 855 and 45.
45
Calculate the greatest common divisor of 184 and 161.
23
What is the greatest common factor of 395 and 10?
5
What is the highest common divisor of 553 and 158?
79
What is the highest common factor of 10263 and 33?
33
What is the greatest common divisor of 160 and 736?
32
What is the highest common factor of 4623 and 1656?
69
What is the highest common divisor of 4991 and 62?
31
Calculate the highest common divisor of 9 and 63.
9
Calculate the greatest common factor of 4167 and 45.
9
Calculate the greatest common divisor of 247 and 532.
19
Calculate the highest common divisor of 125 and 500.
125
Calculate the greatest common divisor of 3532 and 8.
4
Calculate the greatest common factor of 348 and 2320.
116
What is the highest common factor of 1067 and 1552?
97
What is the highest common divisor of 290 and 1276?
58
What is the greatest common divisor of 136 and 102?
34
Calculate the greatest common divisor of 7 and 49.
7
Calculate the greatest common factor of 98 and 1981.
7
What is the highest common divisor of 2184 and 2016?
168
What is the greatest common factor of 587 and 1?
1
What is the greatest common factor of 16 and 248?
8
Calculate the greatest common divisor of 70 and 7.
7
Calculate the highest common factor of 75 and 375.
75
Calculate the highest common factor of 190 and 12445.
95
What is the greatest common factor of 710 and 10?
10
Calculate the greatest common factor of 30 and 5430.
30
Calculate the greatest common factor of 244 and 1586.
122
What is the highest common factor of 1785 and 140?
35
What is the highest common factor of 231 and 63?
21
Calculate the highest common factor of 130 and 100.
10
Calculate the highest common divisor of 20 and 1220.
20
What is the highest common factor of 1808 and 5650?
226
What is the highest common factor of 46 and 184?
46
What is the highest common divisor of 114 and 171?
57
Calculate the highest common factor of 1003 and 323.
17
What is the greatest common factor of 21 and 22827?
21
What is the highest common divisor of 1 and 71?
1
What is the greatest common divisor of 333 and 801?
9
What is the greatest common divisor of 825 and 2640?
165
Calculate the highest common divisor of 48 and 3.
3
Calculate the highest common divisor of 24 and 15256.
8
What is the highest common divisor of 2247 and 214?
107
Calculate the highest common factor of 629 and 34.
17
Calculate the highest common divisor of 16 and 64.
16
What is the highest common divisor of 1131 and 195?
39
Calculate the highest common factor of 1336 and 12.
4
What is the greatest common divisor of 136 and 16592?
136
Calculate the highest common factor of 4515 and 105.
105
What is the highest common divisor of 3104 and 96?
32
Calculate the highest common factor of 42 and 14.
14
Calculate the highest common divisor of 10 and 1250.
10
Calculate the greatest common factor of 225 and 72.
9
Calculate the greatest common divisor of 1012 and 132.
44
What is the greatest common factor of 4646 and 808?
202
What is the highest common divisor of 517 and 752?
47
What is the highest common divisor of 20 and 4?
4
Calculate the greatest common factor of 1888 and 80.
16
What is the greatest common factor of 728 and 91?
91
Calculate the highest common divisor of 35 and 7.
7
What is the highest common factor of 100 and 1055?
5
Calculate the highest common divisor of 1137 and 1.
1
What is the highest common divisor of 214 and 7169?
107
What is the highest common divisor of 357 and 3?
3
Calculate the greatest common factor of 144 and 2472.
24
What is the greatest common divisor of 294 and 252?
42
Calculate the highest common factor of 21253 and 802.
401
What is the greatest common factor of 16523 and 62?
31
Calculate the greatest common divisor of 114 and 133.
19
What is the greatest common divisor of 13 and 377?
13
Calculate the greatest common factor of 1 and 457.
1
Calculate the greatest common divisor of 55 and 187.
11
Calculate the greatest common divisor of 252 and 70.
14
What is the highest common divisor of 29951 and 61?
61
Calculate the highest common factor of 2177 and 14.
7
What is the highest common divisor of 9890 and 301?
43
What is the highest common divisor of 9 and 48?
3
What is the highest common factor of 42 and 735?
21
Calculate the greatest common divisor of 13 and 65039.
13
What is the greatest common factor of 75 and 2775?
75
Calculate the greatest common divisor of 10 and 3710.
10
What is the highest common divisor of 169 and 1?
1
What is the highest common divisor of 583 and 424?
53
What is the highest common factor of 10 and 290?
10
Calculate the greatest common factor of 16 and 27952.
16
What is the greatest common divisor of 1323 and 28?
7
What is the greatest common factor of 2214 and 12?
6
What is the greatest common divisor of 120 and 28?
4
Calculate the highest common divisor of 9 and 9.
9
What is the greatest common factor of 140 and 2?
2
Calculate the greatest common divisor of 101 and 8989.
101
Calculate the highest common factor of 70 and 10.
10
Calculate the greatest common factor of 830 and 90.
10
Calculate the greatest common divisor of 14 and 658.
14
What is the greatest common divisor of 424 and 954?
106
Calculate the highest common divisor of 4 and 100.
4
What is the greatest common factor of 6313 and 428?
107
Calculate the greatest common divisor of 21 and 57519.
21
What is the greatest common divisor of 230 and 184?
46
What is the greatest common factor of 5 and 95?
5
What is the greatest common factor of 1476 and 72?
36
Calculate the greatest common divisor of 37375 and 897.
299
Calculate the highest common divisor of 1417 and 436.
109
Calculate the highest common factor of 119 and 35.
7
What is the highest common factor of 4275 and 2025?
225
Calculate the highest common divisor of 98 and 13230.
98
What is the highest common divisor of 7973 and 119?
119
What is the greatest common factor of 144 and 531?
9
What is the greatest common factor of 425 and 68?
17
What i